What is 1100101010010001 (base 2) in base 9?
78118
What is 42467 (base 8) in base 6?
214011
Convert 2422 (base 6) to base 7.
1502
Convert 634 (base 10) to base 15.
2c4
What is -220 (base 15) in base 4?
-13200
What is 399b (base 13) in base 15?
2695
-555 (base 11) to base 9
-818
1a6 (base 13) to base 9
368
What is 10360 (base 11) in base 3?
202200011
Convert -7439 (base 14) to base 15.
-5e13
Convert 29647 (base 11) to base 16.
a436
270 (base 12) to base 5
2442
Convert -13443 (base 5) to base 12.
-797
2160 (base 9) to base 15
713
What is -84 (base 13) in base 8?
-154
What is 26 (base 10) in base 2?
11010
413 (base 13) to base 7
2006
9b7 (base 12) to base 13
865
What is 21444 (base 5) in base 7?
4241
Convert -d6f (base 16) to base 13.
-1747
What is -7692 (base 12) in base 11?
-9902
74e6 (base 15) to base 16
60a5
Convert 50a9 (base 15) to base 12.
9a36
404 (base 6) to base 5
1043
Convert 1111011111 (base 2) to base 13.
5b3
-1021210 (base 3) to base 5
-12224
-21245 (base 10) to base 2
-101001011111101
What is 1ded (base 15) in base 14?
253d
Convert 320421 (base 5) to base 12.
6268
-2ba (base 16) to base 6
-3122
Convert -112220 (base 4) to base 7.
-4136
What is bef (base 16) in base 13?
1510
What is -252 (base 10) in base 4?
-3330
What is 20ac4 (base 14) in base 12?
39844
Convert 10037 (base 8) to base 2.
1000000011111
Convert -407 (base 15) to base 8.
-1613
-163a (base 11) to base 5
-31400
Convert bb55 (base 13) to base 7.
136040
-255e (base 15) to base 12
-4738
-207 (base 11) to base 7
-504
-11432 (base 9) to base 11
-5819
What is -11003 (base 4) in base 3?
-102222
Convert -3aa0 (base 11) to base 7.
-21330
What is -642 (base 8) in base 16?
-1a2
What is c31b (base 13) in base 6?
324303
Convert 29a16 (base 11) to base 16.
a5f8
What is 3141 (base 14) in base 7?
33511
5353 (base 13) to base 7
45463
11204 (base 5) to base 10
804
What is 46125 (base 10) in base 2?
1011010000101101
733 (base 16) to base 8
3463
-586 (base 9) to base 2
-111100011
-3cd (base 15) to base 8
-1544
-2021011 (base 3) to base 4
-121303
294 (base 10) to base 8
446
411 (base 8) to base 11
221
What is b28 (base 13) in base 6?
12433
Convert 13012 (base 5) to base 7.
2636
What is -33a9 (base 14) in base 7?
-35102
What is 3855 (base 12) in base 5?
201101
What is 1301203 (base 4) in base 12?
4257
Convert -2510 (base 6) to base 7.
-1542
Convert 5ea9 (base 15) to base 13.
9258
Convert 10120110 (base 4) to base 10.
17940
What is -1155 (base 7) in base 8?
-660
What is 210315 (base 7) in base 8?
106516
What is -110101000011110 (base 2) in base 3?
-1101021011
202 (base 6) to base 12
62
1010122202 (base 3) to base 12
10b25
10121211 (base 3) to base 4
221101
What is 923 (base 10) in base 16?
39b
10011001111 (base 2) to base 6
5411
What is 192 (base 15) in base 5?
2422
-100414 (base 7) to base 15
-5094
Convert -44de (base 16) to base 3.
-220011222
Convert 67b7 (base 14) to base 11.
12581
-145d (base 14) to base 8
-7033
Convert -1231 (base 11) to base 15.
-722
223231 (base 4) to base 13
1372
What is -7557 (base 12) in base 15?
-3c3d
12f2 (base 16) to base 3
20122122
Convert 33001 (base 4) to base 15.
441
Convert cbf2 (base 16) to base 12.
2626a
-2777 (base 9) to base 3
-2212121
-14154 (base 7) to base 14
-159b
What is 1100000000011110 (base 2) in base 11?
33a51
What is 54681 (base 10) in base 15?
11306
Convert -101010111111100 (base 2) to base 13.
-a033
Convert -2020202 (base 3) to base 2.
-11001101000
What is 2022002 (base 3) in base 10?
1676
Convert -6b95 (base 13) to base 12.
-8937
What is 4b39 (base 12) in base 8?
20535
130111 (base 4) to base 15
80d
What is 1010111210 (base 3) in base 7?
121563
Convert -1435 (base 15) to base 4.
-1003211
-202210 (base 4) to base 9
-3027
-54d (base 14) to base 6
-4505
What is 925 (base 11) in base 6?
5100
-11400 (base 8) to base 7
-20116
What is 5a0 (base 12) in base 8?
1510
What is -6837 (base 15) in base 7?
-121303
243040 (base 5) to base 14
3493
-1271 (base 9) to base 11
-799
-47723 (base 10) to base 3
-2102110112
-1212000201 (base 3) to base 11
-25444
Convert -10020001001 (base 3) to base 16.
-f7db
What is 1013 (base 12) in base 6?
12023
What is 913 (base 10) in base 12?
641
What is 102303 (base 6) in base 4?
2001333
What is -2032312 (base 4) in base 9?
-13477
What is -1673 (base 12) in base 2?
-101001110111
What is -15710 (base 10) in base 12?
-9112
1010000001 (base 2) to base 15
2cb
What is 100223 (base 5) in base 2?
110001110100
Convert 40141 (base 5) to base 10.
2546
What is 100330 (base 6) in base 14?
2c46
What is -2772 (base 12) in base 14?
-1930
Convert a01 (base 13) to base 8.
3233
What is 12aa1 (base 14) in base 9?
70086
What is -114c7 (base 13) in base 6?
-402141
What is 212210 (base 4) in base 3?
10101102
What is -31b (base 12) in base 7?
-1220
76370 (base 9) to base 4
30112233
a38 (base 12) to base 7
4220
303 (base 7) to base 10
150
What is -561 (base 8) in base 16?
-171
Convert 5bbc (base 16) to base 2.
101101110111100
What is -ba81 (base 16) in base 11?
-32965
What is -100000001001 (base 2) in base 15?
-922
-323200 (base 4) to base 2
-111011100000
What is 2210 (base 7) in base 16?
317
Convert 1020122111 (base 3) to base 13.
b21b
87 (base 15) to base 9
151
Convert 562 (base 9) to base 11.
38a
What is 1233 (base 8) in base 14?
359
-1b3 (base 14) to base 6
-1345
Convert -210300 (base 5) to base 10.
-6950
Convert -310203 (base 4) to base 6.
-23323
Convert -122101 (base 3) to base 16.
-1d5
2030303 (base 4) to base 6
105415
1001312 (base 4) to base 13
1bc2
Convert 28 (base 13) to base 6.
54
What is -a4 (base 12) in base 5?
-444
-12047 (base 9) to base 7
-32335
-70 (base 16) to base 12
-94
Convert 3092 (base 10) to base 9.
4215
Convert 1000111001001 (base 2) to base 11.
346a
-6d4 (base 14) to base 13
-80a
Convert -463 (base 7) to base 16.
-f1
c40 (base 15) to base 12
1720
What is 5803 (base 9) in base 6?
31520
1000 (base 9) to base 3
1000000
Convert -429 (base 13) to base 9.
-870
What is -3b2 (base 14) in base 13?
-453
What is -32 (base 16) in base 10?
-50
Convert -552a (base 15) to base 7.
-103411
3421 (base 5) to base 8
746
What is -222540 (base 6) in base 10?
-18780
What is -100011001111010 (base 2) in base 7?
-103413
-205 (base 16) to base 12
-371
What is 342 (base 9) in base 3?
101102
Convert -200031 (base 4) to base 10.
-2061
What is -372 (base 14) in base 7?
-2002
-24142 (base 8) to base 2
-10100001100010
What is -22304 (base 5) in base 12?
-ab7
What is -1111001110 (base 2) in base 11?
-806
What is 257 (base 12) in base 9?
434
Convert 16a4 (base 15) to base 4.
1030033
-120101011 (base 3) to base 15
-34c4
1a7 (base 12) to base 13
17b
Convert 112002000 (base 3) to base 10.
10260
What is 2010110 (base 3) in base 6?
11103
Convert -112101 (base 3) to base 12.
-284
-1102 (base 8) to base 14
-2d4
What is -304012 (base 6) in base 5?
-1233300
Convert -6d (base 15) to base 2.
-1100111
Convert 11001012 (base 3) to base 8.
5604
What is 100011100011110 (base 2) in base 16?
471e
-74a6 (base 12) to base 3
-122120000
c0a6 (base 13) to base 9
40314
387 (base 9) to base 13
1ba
-4258 (base 10) to base 7
-15262
What is -2047 (base 10) in base 12?
-1227
What is 33044 (base 10) in base 2?
1000000100010100
Convert -841 (base 11) to base 10.
-1013
-1df (base 16) to base 6
-2115
What is 5135 (base 12) in base 7?
34505
3101123 (base 4) to base 7
54035
26 (base 9) to base 14
1a
-4707 (base 11) to base 12
-36aa
-4365 (base 11) to base 3
-21220021
What is 42202 (base 6) in base 3?
21210202
Convert 2972 (base 10) to base 3.
11002002
What is 844 (base 11) in base 15?
47b
-1653 (base 8) to base 15
-429
-12215 (base 6) to base 8
-3423
What is -4717 (base 12) in base 7?
-32101
What is -3255 (base 8) in base 15?
-78e
-220211 (base 3) to base 12
-47a
What is -14 (base 16) in base 9?
-22
163b (base 12) to base 15
bae
-412 (base 7) to base 5
-1310
Convert 2111200 (base 3) to base 6.
12243
Convert -23444 (base 5) to base 16.
-6d5
-475 (base 11) to base 14
-2c6
-31 (base 7) to base 5
-42
Convert -1295 (base 10) to base 16.
-50f
200201 (base 3) to base 10
505
-130 (base 5) to base 3
-1111
What is 10011001000 (base 2) in base 12?
860
Convert 1820 (base 10) to base 3.
2111102
What is -27b (base 16) in base 5?
-10020
-21011012 (base 3) to base 2
-1010001100000
What is 2697 (base 